of 72 and l?
8
Let m(r) = -r + 60. Let u(z) = 5*z - 239. Let w(c) = 9*m(c) + 2*u(c). Let f be w(-22). Calculate the greatest common factor of f and 60.
20
Let h be (-17)/(-2)*(-6 - 0). Let s be (-1)/4 + h/(-12). Suppose -2*g - 2 = -s. Calculate the highest common divisor of 3 and g.
1
Let x = -170 + 180. Calculate the highest common divisor of 70 and x.
10
Let b(v) = 7*v**2 - 3*v + 72. Let a be b(0). Calculate the greatest common factor of 18 and a.
18
Let i(g) = g**3 - 5*g**2 - 3*g + 351. Let u be i(0). Calculate the greatest common divisor of u and 27.
27
Suppose 3*u = -f + 699, -5*f = -4*u - 9*f + 940. Calculate the highest common factor of 16 and u.
8
Let d = 56 - 54. Suppose -t + 3*v + 2 = 0, -v - v = -d. What is the highest common factor of t and 35?
5
Suppose 9*s - 844 = 1847. What is the highest common divisor of 13 and s?
13
Suppose -55*k = -5*k - 550. Suppose -v - 70 + 213 = 0. What is the greatest common factor of v and k?
11
Suppose -93*k = -94*k + 80. Let a = 25 + -5. Calculate the greatest common divisor of k and a.
20
Let i = -14 - -20. Let m be 1/(-5) - (-605)/25. Calculate the highest common divisor of i and m.
6
Let j be (0 + 36)/((-2)/(-4)). What is the highest common divisor of j and 1128?
24
Let h = -79 + 147. Let r be (26 - -1)/((-6)/244). Let s be r/(-63) + (-6)/14. Calculate the greatest common divisor of s and h.
17
Let s(f) = -2*f**3 + 31*f**2 + f - 27. Let t be s(9). What is the highest common divisor of 23 and t?
23
Let c be 8/28 - (-250)/7. Suppose 0 = -7*z + 4*z + 9. Suppose -3*g + z = -9. What is the greatest common divisor of c and g?
4
Suppose -12*c + 230 - 170 = 0. Calculate the highest common divisor of c and 1665.
5
Suppose -2*o + 7*o - 20 = 0. Suppose -2*j = o*l - 34, 3*j - l = -0*l + 23. What is the highest common divisor of 72 and j?
9
Suppose 4*g - 622 = -22*t + 20*t, -291 = -2*g + 3*t. What is the greatest common divisor of g and 9?
9
Let s = -9 - -18. Suppose -21 = -12*m + s*m. Calculate the greatest common factor of 7 and m.
7
Let v = -1540 - -1548. What is the greatest common factor of v and 384?
8
Let f(z) = z**2 + 11*z + 127. Let g be f(-16). What is the highest common factor of g and 9?
9
Suppose -8*l = -4*l - 36. Suppose v + 3*r = -0*r - 14, 0 = 3*r + 15. Calculate the greatest common factor of l and v.
1
Suppose -302 = -6*k + 5*k. Let q be k/12 - -2*(-1)/12. What is the highest common divisor of 25 and q?
25
Let d be (2 - 1738/(-15)) + (-80)/(-600). Calculate the highest common factor of 649 and d.
59
Let i be 41/3*-1*-3. Suppose -3*l + 2*l - i = 0. Let u = l + 62. Calculate the greatest common factor of 21 and u.
21
Let f(t) = -t**3 - 8*t**2 + 142*t - 11. Let w be f(-17). Let g = 26 - 4. Calculate the greatest common divisor of g and w.
22
Let m = -851 - -855. What is the greatest common divisor of 44 and m?
4
Let q = -561 - -732. Calculate the greatest common factor of q and 114.
57
Let n be (21/14)/(-2*6/(-24)). Calculate the highest common factor of n and 459.
3
Let f = -110 - -139. What is the greatest common factor of f and 29?
29
Let i(l) = -l**3 + 2*l**2 + 5*l + 4. Let p be -2*(-4 - (-6 + 1)). Let k be i(p). Calculate the highest common divisor of 90 and k.
10
Let f = 7 + 5. Let h = 12 - f. Suppose h = 5*a - 2*g - 276, -2*g + 99 = 2*a + g. Calculate the greatest common factor of a and 36.
18
Let p be 3290/63 + (-4)/18 + 0. Suppose -5*q + p = -3*q. What is the greatest common factor of 13 and q?
13
Let h be 20097/(-264) + 1/8. Let v be 12/(h/(-16) + -4). Suppose -37 = -4*g + 155. Calculate the highest common divisor of g and v.
16
Let z(v) = 14*v + 11. Let a be z(4). What is the greatest common factor of 268 and a?
67
Suppose -200 = -7*z - 3*z. Calculate the highest common divisor of z and 20.
20
Let c(a) = 2*a**3 - 6*a**2 + 5*a - 6. Let q be c(4). Calculate the greatest common divisor of 46 and q.
46
Suppose 5*c + b - 40 = 4*b, 4*b + 25 = c. Let y = -6 + 21. Calculate the greatest common divisor of y and c.
5
Let p(y) = 3*y**2 - 5*y - 8. Let v be p(6). Let m = v - 40. Let u be (-4 - (-2030)/85) + (-4)/(-34). What is the highest common factor of m and u?
10
Suppose -5*a - 4*l + 21 = 0, -10 = -3*a - 2*l + 3. Let x = 4 - 3. Calculate the greatest common divisor of x and a.
1
Let z be (-6)/105*-7 + 14/(-10). Let l be (0 + 0 - -1)*(9 + z). Calculate the highest common factor of 40 and l.
8
Suppose 10 = -u + 40. Suppose -6*k + u = -294. What is the greatest common factor of k and 36?
18
Suppose 378 = -872*h + 886*h. What is the greatest common divisor of 711 and h?
9
Let c be 1873/3 - 8/6. Calculate the greatest common factor of 267 and c.
89
Suppose -4*j - w - 4*w + 153 = 0, -123 = -4*j + w. Suppose p - 2 = 0, 90 = a + 4*p + p. Calculate the greatest common factor of j and a.
16
Let r(g) = -2*g**3 - 3*g**2 - 3*g - 2. Let y be r(-2). Let i be (0 + 18)*8/y. Suppose -13 = w - 40. What is the greatest common divisor of w and i?
9
Let d(b) = b**2 + 9*b + 4. Let l be d(-9). Suppose -2*s + 5*c = -25, 0 = -0*s - l*s + 5*c + 55. Calculate the greatest common factor of s and 5.
5
Let c(d) = 18*d**2 - 11*d + 5. Let j be c(2). Calculate the greatest common factor of 99 and j.
11
Let q(g) = 9*g**2 + 7*g + 9. Let b be q(-5). Let s = -110 + b. Let n = s - 59. What is the greatest common divisor of n and 45?
15
Let a = -60 - -138. What is the greatest common divisor of 286 and a?
26
Let p = 108 - 107. Let q be 32 + p + (1 - 5) - 3. What is the greatest common divisor of 78 and q?
26
Let x be 76 - -3*(-12)/(-9). Let f = 68 - 60. What is the greatest common divisor of x and f?
8
Suppose 253*x = 255*x - 2640. What is the greatest common factor of 40 and x?
40
Suppose -s = 3*s - 8. Suppose 4*o + 3*g = 2, -2 - 2 = -s*o - 3*g. Let y be (o - -3)/(-2) - -6. Calculate the highest common factor of 10 and y.
5
Let w(y) = 2*y**2 - 46*y + 4. Let z be w(24). What is the highest common divisor of z and 377?
13
Suppose 4*y - 52 = -4*w, -2*y - 33 = -3*w - 7*y. Let h be (-18)/(-48) + 2586/w. Calculate the highest common factor of 18 and h.
18
Suppose 3*n = 2*l + 22, 4*l = -6*n + 2*n - 4. Suppose 0*w = -3*i + w + 151, -n*w - 154 = -3*i. Calculate the highest common factor of i and 30.
10
Suppose 4*k + 22 + 10 = 0. Let a be (k/6)/(12/(-126)). Let r(g) = -g**3 - 8*g**2 - 13*g - 4. Let b be r(-6). What is the greatest common divisor of b and a?
2
Let a = -19 - -5. Let i be 4/a + 174/21. What is the highest common divisor of i and 40?
8
Suppose 81 - 161 = -8*a. Suppose 0 = -4*l - 2*f + 58, -l = l - 3*f - 33. What is the highest common divisor of l and a?
5
Suppose 5*b + 4*q - 15 = 0, b + 0*b - 5*q - 3 = 0. Let s = b + 2. Suppose -m = 4*z - 4, -3*z + 3 = 3*m - 6*m. Calculate the highest common factor of z and s.
1
Suppose -3 = -3*h + 15. Suppose -h = -5*n + 4. Let g be (3/6)/(4/80). What is the greatest common factor of n and g?
2
Let x = 38 - 162. Let q be x/(-6) + (-2 + -3)/(-15). Calculate the highest common factor of 14 and q.
7
Suppose 3*j = -2*i + 1605, -3981 = -2*i - 3*i + 3*j. Suppose 3*s - i = 9*p - 5*p, 0 = -5*p. What is the highest common factor of s and 14?
14
Let d = -217 - -350. Calculate the greatest common divisor of 152 and d.
19
Let z(j) = -12 + 2*j + 0*j - 10 + 4*j. Let p be z(7). What is the highest common divisor of 5 and p?
5
Let m(l) = -3*l + 10. Let n be m(7). Let w = n + 47. Let a = -4114 - -4126. Calculate the highest common factor of w and a.
12
Let o(n) = 24*n - 12. Let f be o(14). What is the greatest common factor of 12 and f?
12
Suppose 38*l - 5644 = 2564. What is the greatest common divisor of 12 and l?
12
Let x = -72 + 73. Let s be x + (12/(-18))/(2/(-69)). Calculate the highest common divisor of s and 30.
6
Let s(f) = 3*f**3 - 14*f**2 + 38*f + 2. Let i be s(7). Calculate the greatest common divisor of i and 13.
13
Suppose -f - 4*s + 534 = 0, 4*f + 5*s - 2071 = 54. What is the greatest common divisor of 53 and f?
53
Let k(m) = -m + 9. Let c be (7/21)/(2/36). Let q be k(c). Calculate the highest common divisor of 3 and q.
3
Let b(s) = 77*s**3 + 18*s**2 - 17*s - 1. Let t be b(1). Calculate the highest common factor of 21 and t.
7
Suppose 239*i - 238*i - 24 = 0. Let y = -6 + 12. Calculate the highest common divisor of y and i.
6
Suppose 5184 = 1124*f - 1115*f. What is the greatest common factor of